= -4*j. Calculate the greatest common factor of j and 42.
14
Suppose 18*x - 25*x + 28 = 0. Calculate the greatest common divisor of 92 and x.
4
Let b = 139 + -281. Let d = b + 149. Calculate the greatest common divisor of 28 and d.
7
Let s be 1/(-1)*-1 - 6. Let d be (s - -2) + 37 + 0. Suppose -62 = -4*m + d. Calculate the highest common divisor of 3 and m.
3
Suppose 111 = 5*q + g - 83, -5*g = -q + 44. Calculate the highest common factor of 117 and q.
39
Suppose 13*n - 1032 = n. Let h = n + -61. Calculate the highest common factor of h and 20.
5
Let k(j) = 7*j - 10 + 4 + 15*j. Let q be k(5). Calculate the greatest common divisor of 13 and q.
13
Suppose -w + 298 = 2*w + 4*r, -5*r = 4*w - 398. Calculate the greatest common divisor of 561 and w.
51
Suppose -9 = 6*g - 7*g + u, 3*g = -4*u + 13. Let d be 16/7 + 10/(-35). What is the greatest common factor of g and d?
1
Let i = 301 - 273. Calculate the greatest common divisor of 756 and i.
28
Let j be (-4368)/(-672) - (-110)/4. Let g(v) = 3*v**2 + 3*v - 1. Let i be g(-3). What is the greatest common divisor of i and j?
17
Let a be 123/12 + (0 - (-3)/(-12)). Suppose -8*v = -a*v + 20. What is the greatest common divisor of 4 and v?
2
Let g be 209 + (-10 - (-11 + -2)). What is the highest common divisor of 1166 and g?
106
Suppose 4*y - 6 = y. Let x(q) = y + 9*q + 2 - 5 - q**2 - 1. Let m be x(6). Calculate the highest common divisor of m and 40.
8
Suppose 4*v + 4*y = 8*y + 44, -4*v + 48 = -3*y. Let i = -4 - -9. Suppose 2*r - r = 4*p + 11, i*p + 1 = -3*r. Calculate the greatest common divisor of r and v.
3
Suppose 1310*v = 1350*v - 120. Let r be (-2)/(2/9*-1). What is the greatest common divisor of r and v?
3
Let r be 1 - (-9)/((-27)/(-12)). Suppose 728 = 2*p + r*p. Calculate the greatest common factor of p and 13.
13
Let q(n) = -8*n**3 + 4*n**2 + 4*n + 3. Let a be q(-3). What is the highest common factor of a and 9?
9
Let i = -4658 + 8450. Calculate the greatest common divisor of 12 and i.
12
Suppose 262*o + 65 = 263*o. Calculate the highest common factor of o and 546.
13
Let i = 209 + -49. Suppose -g = 5*g - 18. Suppose g*h + 92 = 4*p + 7*h, 5*p - 97 = h. Calculate the highest common factor of i and p.
20
Suppose 2*h + 2*x = 192, h + 3*h = -x + 375. Calculate the highest common divisor of h and 62.
31
Let f(h) = -h**2 + 5*h + 75. Let b be f(10). Calculate the greatest common factor of 200 and b.
25
Let k(q) = 5*q + 2. Let f be k(-2). Let g(m) = -10 - 1 - 5*m + 3 - 4. Let u be g(f). Calculate the greatest common factor of u and 7.
7
Let d be (21/(-35))/(((-6)/(-15))/(-2)). Let n(p) = 2*p - 7. Let c be (-3 + (2 - 0))*-5. Let b be n(c). What is the highest common divisor of d and b?
3
Suppose 4*n + 21 = -2*w + 85, -w = n - 29. Suppose -29*t = -w*t - 99. Calculate the greatest common factor of t and 22.
11
Suppose 5*v + 125 = 2*n - 71, 0 = 3*n - 4*v - 280. What is the highest common factor of n and 110?
22
Let o(p) = -2*p + 1. Let d be o(2). Let w be -5 - 28/12*d. Calculate the highest common divisor of w and 26.
2
Suppose -6*t + 1909 + 257 = 0. What is the highest common factor of 95 and t?
19
Suppose -h + 2*y + 5 = -0, -25 = -5*h - 5*y. Suppose g - 264 = -h*r, 0*r + 4*g = 2*r - 88. Let b = -26 + r. Calculate the highest common divisor of b and 65.
13
Let q(d) = 2*d**3 + 4*d**2 - 4*d + 2. Let t be q(3). Let b = 31 - t. Let r = 46 - b. What is the greatest common factor of r and 19?
19
Suppose -8 = -3*s + 7, -1183 = -4*o - 3*s. Calculate the highest common factor of o and 365.
73
Let b(f) = -4*f - 2. Let r be b(-5). Suppose -5*o + 2 = -r. Suppose 0 = -4*u - 0 + o. What is the highest common divisor of u and 7?
1
Let k be 6/(-21) + 184/7. Let v be -2 + ((-6)/(-2) - -590). Let f = v + -357. What is the greatest common factor of f and k?
26
Suppose -r = -3*u + 28, -4*r + 20 = 4*u + 4. Suppose -5*n - 187 - 84 = -4*a, 2*a + 5*n = 113. What is the highest common factor of u and a?
8
Let n = -515 + 557. What is the greatest common factor of n and 98?
14
Let u(b) = 10*b - 92. Let q be u(12). Calculate the highest common factor of q and 4.
4
Let i = 22 - -66. Let t = 99 - 91. What is the highest common divisor of i and t?
8
Let z(b) = 12*b**2 - b - 2. Let q be z(2). Suppose 220*o - 3*o = 22*o + 780. Calculate the highest common divisor of o and q.
4
Suppose 3*k + 4*y - 920 - 671 = 0, 0 = 2*k + 5*y - 1056. Calculate the greatest common divisor of 41 and k.
41
Let v be 188 + 40/(-15 - -10). What is the greatest common divisor of 72 and v?
36
Suppose -14*m = 2*m - 512. What is the greatest common factor of m and 96?
32
Suppose -3*h + h = 42. Let n be ((-5)/(-15))/((-1)/h). Calculate the greatest common factor of n and 7.
7
Let i(f) = f**3 - 5*f**2 - 8*f + 1. Let d be i(6). Let a = 11 + d. Suppose a = -5*b + 80 - 10. Calculate the highest common divisor of 14 and b.
14
Suppose 128 = 19*p - 3*p. Suppose -5*i + 2*f + 16 = -4*i, 4*f + 40 = 3*i. What is the highest common factor of i and p?
8
Let s be (-1)/(-1 - 6) + 564/21. Suppose -4*h + 2 + 14 = 0. Let v be (-2)/h - (-1299)/6. Calculate the greatest common factor of s and v.
27
Let r = 607 - 542. Calculate the highest common factor of r and 117.
13
Let c(i) = 8*i - 6. Let b(h) = h**3 + 2*h**2 - 5*h - 3. Let r be b(-3). Suppose -r*v + 10 = -2. Let t be c(v). Calculate the highest common factor of 286 and t.
26
Suppose -5*i = -4*n + 800, -5*n - 3*i = -453 - 547. What is the greatest common divisor of 40 and n?
40
Let h(s) = 4*s**2 - 13*s + 14. Let i be h(6). Suppose 0 = -4*z - 6*z + i. Suppose -d + 3 = -29. Calculate the greatest common divisor of z and d.
8
Suppose 2*i + 1 - 9 = 0. Let z(f) be the first derivative of -f**3/3 + 23*f**2/2 - 44*f + 6. Let x be z(20). What is the greatest common factor of i and x?
4
Let o = 30 + -26. Suppose -o*s + 104 - 15 = r, 15 = -5*r. Calculate the greatest common factor of 23 and s.
23
Let o(v) = v**3 + 7*v**2 + 6*v - 6. Let t be o(-6). Let i be 60/16*(-16)/t. Let u be i - 1 - 1/1. What is the highest common divisor of u and 40?
8
Let k be (-126)/((308/143)/(-14)). Calculate the highest common factor of k and 351.
117
Suppose 0 = u - 4*j - 22, 0 = -2*u + 7*u - 4*j - 158. Let x be (-4)/((-2)/(-5) - 252/595). Calculate the greatest common divisor of u and x.
34
Let z be (-2)/8 + (-892)/16. Let b = z + 136. Suppose -4*x + 15 + 25 = 0. Calculate the greatest common factor of b and x.
10
Suppose -4*q - 26 = -2*a, q + 5*a + 10 = -4*q. Let s be (-12)/q - 12/30. Suppose 4*m - s = -6, -u = -4*m - 16. Calculate the highest common factor of 8 and u.
4
Let y be (4/1)/(-4) + 10. Let r = 9 - y. Suppose q - 12 = -r*q. What is the greatest common factor of 36 and q?
12
Let n = 1 - -2. Suppose t - 15 = -0*t - 2*u, -30 = -2*t - n*u. Let p = 56 + -11. Calculate the highest common factor of t and p.
15
Let a be 5 - (-329)/(-14)*-2. Suppose -5*m + 129 + 66 = 0. What is the greatest common factor of m and a?
13
Let o be ((-4)/6 - -2)*(-270)/(-12). Suppose 124 = w + 3*w. Let i be (-2)/(-3)*(w + -1). Calculate the highest common divisor of o and i.
10
Let b(u) = -u + 79. Let o be b(19). What is the highest common factor of 15 and o?
15
Let p(d) = 12*d**2 + 3*d + 5. Let c be p(-2). Suppose c = 7*j - 2. Suppose 8*u - 4*u - 2*l = 50, l = 4*u - 53. What is the greatest common divisor of u and j?
7
Suppose -5*w = t + 54, -28 = 2*w - 0*w + 2*t. Let l be 3 + -2 - (5 + -2). Let j be l*w/(-8)*-2. What is the highest common factor of 35 and j?
5
Suppose 0 = 5*w + 2*t - 67, -18*w + 5*t = -14*w - 80. Calculate the highest common divisor of w and 375.
15
Let k(s) = 5*s + 1. Let i be k(2). Calculate the highest common divisor of i and 3.
1
Suppose 21*s - 27 = 246. Calculate the greatest common divisor of s and 1.
1
Let r(n) = n**2 + 6*n - 3. Let s be r(-5). Let p = 2 - s. Suppose -5*i = -p*i + 80. What is the greatest common divisor of 112 and i?
16
Let c be (2310/14)/((-12)/(-8)). Suppose -5*j + 2 = -68. Let i = -3 + j. What is the greatest common divisor of i and c?
11
Let n = 51 + 77. Suppose j + 3*j = n. What is the highest common factor of j and 8?
8
Let z be -2 + 5 + -2 + 2. Suppose -48 = -0*k - z*k. Let g = 32 - k. Calculate the greatest common divisor of g and 48.
16
Suppose -240 + 328 = 8*h. What is the highest common factor of h and 891?
11
Let t(o) = -7*o**2 